 the greatest common factor of 94 and q.
47
Let l = -83 + 80. Let s be (-231)/14*8/l. Calculate the greatest common divisor of 176 and s.
44
Let s(u) = 42 + 47 - 90 - 17*u. Let g(b) = -b**2 - 6*b - 2. Let v be g(-6). Let f be s(v). What is the highest common factor of 11 and f?
11
Let t(x) = -9*x - 152. Let o be t(-24). What is the highest common factor of 40 and o?
8
Suppose 20 = z - 0*z. Suppose 20 = 58*f - 53*f. Let i be (6*f/60)/((-2)/(-100)). What is the greatest common divisor of i and z?
20
Let h = 546 + -496. What is the highest common factor of h and 70?
10
Let j(p) = -8*p + 1 + 11*p - 22*p. Suppose 0 = -u - 2*u - 12. Let r be j(u). Calculate the highest common divisor of 7 and r.
7
Suppose 0 = -4*g - 14*t + 19*t + 996, 0 = -5*g - 3*t + 1245. Calculate the highest common divisor of 1328 and g.
83
Suppose -173 = -10*x + 107. Calculate the greatest common divisor of 574 and x.
14
Suppose 10 = -12*f + 14*f. Suppose -3*b + 3*o = -f - 28, -31 = -2*b - o. Calculate the greatest common divisor of 2 and b.
2
Suppose -o = -5*o. Suppose -u + o*u = -4. Suppose u*d = 9 + 63. What is the greatest common divisor of 2 and d?
2
Suppose 0*z - 3*f + 39 = z, 3*f + 153 = 3*z. What is the highest common divisor of 80 and z?
16
Suppose -h - 4*h - 75 = 0. Let p = 20 + h. Suppose 0 = p*v - 7*v + 120. Calculate the greatest common divisor of 40 and v.
20
Let i be 18/(-27) + 11/3. Let f be 180/20 - (1 - i). Let k(p) = 32*p**3 + 1. Let h be k(1). Calculate the greatest common factor of h and f.
11
Let n be 7/(-14)*7*-18. Let f(k) = 4*k**3 - k + 1. Let q be f(1). Suppose q*m - m = 4*c + 19, -4*c - 28 = -4*m. Calculate the greatest common factor of n and m.
9
Suppose -4*z = 12 - 48. Suppose -d = -0 - 1, 2*h - 5*d = z. Suppose -7*m - 321 = -5*k - 4*m, 0 = -5*k - m + 313. What is the greatest common divisor of k and h?
7
Suppose m = 4*k - 8 + 1, -k = 3*m + 8. Let x be k + 30 - (9 - 6). Suppose x = 2*d - 0*d. What is the highest common divisor of d and 98?
14
Let v be (-3 - 4)*(-18)/7. What is the greatest common factor of 6 and v?
6
Let x be (-2)/(-6) + (-298)/(-6). Let o = -18 + x. Suppose 4*p = d - 3 + 44, -3*p = -2*d - o. Calculate the greatest common factor of 40 and p.
10
Suppose -80 = 5*l - 10*l. Let u be (l/4)/((-2)/(-12)). Calculate the greatest common divisor of u and 6.
6
Let k(b) = -b**2 + 4*b + 63. Let z be k(0). What is the highest common factor of 49 and z?
7
Suppose 0 = -y + 4*l + 8, -4*y = 5*l - 6 - 5. Suppose y*r - 17 = 35. Calculate the highest common factor of 65 and r.
13
Let o = 233 - 220. Suppose 10 = -2*t + 4. Let x be 1/(-3) - 118/t. What is the highest common factor of x and o?
13
Let h(m) be the first derivative of -m**3/3 - 3*m**2/2 + 2*m - 3. Let z be h(-4). Let c be -27*(-9)/(-6)*z. What is the greatest common factor of c and 9?
9
Let z(b) = -b**3 - 25*b**2 - 28*b - 133. Let j be z(-25). Calculate the greatest common factor of 126 and j.
63
Let k be 0 + -1 - 243/(-3). Suppose 3*z = q - 2*z + 10, z - k = -5*q. What is the greatest common divisor of 120 and q?
15
Let i = -8 + 17. Suppose z = -2*z - i. Let x(m) = -14*m + 3. Let j be x(z). What is the greatest common divisor of j and 18?
9
Suppose -5*g - 80 = -5*u, 0*u + 4*g = -u + 41. Suppose 5*l - 24 = 11. Calculate the highest common divisor of u and l.
7
Suppose -5*b + 244 = 3*y, 7*b - 8*b = 4. What is the highest common divisor of y and 66?
22
Let v(d) = -115*d + 275. Let s be v(2). Calculate the highest common divisor of s and 40.
5
Let j be -3 + (1 - 0) - (-598)/13. What is the greatest common factor of j and 748?
44
Suppose -5*i + 25 = 5*s, -s + 12*i + 5 = 10*i. Calculate the greatest common factor of 7 and s.
1
Let y(z) = -z**2 - 3*z + 11. Let t be y(-5). Suppose 7 + 3 = 2*g. Let p = 12 - g. Calculate the highest common divisor of p and t.
1
Suppose -22 = -4*q + 2*q. Let l(r) = 11*r - 4. Let h be l(5). Let b = 62 - h. What is the greatest common divisor of q and b?
11
Suppose -13*q = -4*q - 189. Calculate the greatest common divisor of q and 7.
7
Let z = -46 - -106. Let j be ((-2)/(-4))/(5/50). Suppose -9*t = -j*t - z. What is the greatest common factor of 6 and t?
3
Let x(k) = -2*k**2 - 12*k - 2. Let m be 12*(-3 + 36/16). Let g be x(m). Let f = 90 + g. Calculate the greatest common divisor of 85 and f.
17
Let u(w) = -67*w**3 + 3*w + 2. Let q be u(-1). Suppose -56*g - q = -59*g. What is the greatest common factor of 77 and g?
11
Let a be 101/5 + 2 - (-73)/(-365). What is the highest common factor of a and 1474?
22
Suppose -93*t = -91*t - 48. What is the highest common divisor of t and 168?
24
Let z = 17 + -27. Let s = 15 + z. Suppose 2*p - 310 = -4*f, 0*f - 4*f + s*p + 303 = 0. What is the greatest common factor of f and 7?
7
Let r be (7 - 6)/((-1)/(-4)). Let j be -1*(0 + 1) + 1. Suppose j = r*l - 5*l + 3. What is the greatest common factor of 6 and l?
3
Let g(t) = 10*t**2 - 7*t + 6. Let b be g(1). Calculate the greatest common divisor of 1 and b.
1
Let k = -2260 - -3705. Calculate the highest common divisor of k and 34.
17
Suppose 3*x = -5*s + 4*s - 766, 5*x + 1274 = s. Let l be 4/(3 - 4) + x/(-3). Suppose -2*y = 3*y - 135. What is the greatest common factor of l and y?
27
Let h be (-24)/60 + (-3)/5. Let p be (h/((-40)/(-50)))/((-1)/8). Suppose -q = -2, 3*q = -5*f + f + 66. What is the highest common factor of f and p?
5
Let p(w) be the third derivative of 13*w**4/12 - w**3/3 + 4*w**2. Let u = 9 - 2. Let n be p(u). Calculate the highest common divisor of 20 and n.
20
Suppose 5*q - 48 = 4*l + 336, -4*q - 5*l = -299. What is the greatest common divisor of q and 12?
4
Let o(c) = 10*c - 30. Let z(g) = -9*g + 30. Let v(w) = -4*o(w) - 5*z(w). Let y be v(8). What is the greatest common factor of y and 40?
10
Suppose -12*o + 1871 = 7991. Let c be o/(-20)*(-4)/(-3). Calculate the greatest common divisor of c and 238.
34
Suppose 7*s - 28*s + 714 = 0. What is the greatest common divisor of 782 and s?
34
Let y = -555 + 381. Let h be (-6)/(-15) - y/15. What is the greatest common divisor of 18 and h?
6
Suppose 10*r - 12*r + 4 = 0. Suppose -5*p + v = -7, -r*p - 2*v = -v - 7. Calculate the highest common divisor of p and 2.
2
Suppose -r = 31 - 27, 3*k + 3*r = 30. What is the highest common divisor of k and 238?
14
Let w(t) = -t**3 + 5*t**2 + 2*t - 7. Let x be w(5). Suppose 48 - 204 = x*g. Let l be g/(-8) - 2/4. What is the highest common divisor of l and 12?
6
Suppose -390 = 3*f - 6*f. Calculate the highest common divisor of 52 and f.
26
Let c(b) = 2*b**2 - 16*b - 14. Let a be c(9). Suppose q = -h + 39, 0*h = -5*h - 2*q + 186. Calculate the highest common factor of a and h.
4
Let f = -361 - -1483. Suppose 0*l - f = -6*l. Calculate the greatest common factor of l and 17.
17
Let u = -586 + 616. What is the greatest common factor of u and 15?
15
Let q be (-792)/(-16)*76/6. Calculate the highest common divisor of 66 and q.
33
Let z be 852/(2 + 2 - 3). Let r be z/42 - (-4)/(-14). Calculate the highest common divisor of r and 40.
20
Suppose 9*b - 4780 = 1016. Calculate the highest common divisor of 28 and b.
28
Suppose 2*k + 9 = 3*y, -8*k - 9 = -11*k. Calculate the highest common divisor of y and 155.
5
Let q(j) = 42*j + 3. Let t be q(5). Suppose -t = -w - 45. Calculate the highest common factor of 21 and w.
21
Let s = 671 - 531. Calculate the greatest common divisor of 100 and s.
20
Let g(h) = 3*h + 6*h - 2 + h**3 + 0*h - h - 12*h**2. Let a be g(11). Let v be 56/5*a/(-7). Calculate the highest common factor of 14 and v.
14
Suppose -13*g + 11*g - 12 = 0. Let q be 12 + ((-2)/g)/((-2)/6). Let f(w) = 5*w**2 + 4*w + 3. Let z be f(4). Calculate the greatest common divisor of q and z.
11
Let i be 32/(2/1 - 1). Suppose 23*b + 20 = 27*b, 4*b - 660 = -5*d. What is the greatest common factor of i and d?
32
Let f be (2/(-5))/(1/(-425)). What is the highest common divisor of f and 10?
10
Let q = -1586 + 1597. Let h(t) = 11*t**2. Let s be h(3). Calculate the highest common divisor of s and q.
11
Let y(v) = v - 7. Let u be y(10). Suppose 0 = x - 2*l + u - 18, 5*x - 108 = -l. Calculate the greatest common factor of x and 147.
21
Let f be (1 + (-5)/3)*-15. Suppose 3*k - 4*q + 2*q = 0, 0 = -k - 4*q. Suppose -f + k = -p. What is the greatest common factor of 4 and p?
2
Suppose 48*o = 62*o - 2366. What is the highe